{"id":255,"date":"2018-12-26T17:40:00","date_gmt":"2018-12-26T17:40:00","guid":{"rendered":"http:\/\/bevaraminnen.se\/obh\/?page_id=255"},"modified":"2024-04-14T10:33:13","modified_gmt":"2024-04-14T10:33:13","slug":"medlemsbladet","status":"publish","type":"page","link":"https:\/\/bevaraminnen.se\/obh\/medlemsbladet\/","title":{"rendered":"Medlemsbladet"},"content":{"rendered":"<p><a href=\"https:\/\/www.bevaraminnen.se\/hembygdsforskning\/ostra-blekinge-hembygdsforenings-medlemsblad\/\" target=\"_blank\" rel=\"noopener\"><img loading=\"lazy\" decoding=\"async\" class=\"alignright size-medium wp-image-2172\" src=\"https:\/\/bevaraminnen.se\/obh\/wp-content\/uploads\/2022\/09\/Tidningar-001-259x300.jpg\" alt=\"\" width=\"259\" height=\"300\" srcset=\"https:\/\/bevaraminnen.se\/obh\/wp-content\/uploads\/2022\/09\/Tidningar-001-259x300.jpg 259w, https:\/\/bevaraminnen.se\/obh\/wp-content\/uploads\/2022\/09\/Tidningar-001.jpg 300w\" sizes=\"auto, (max-width: 259px) 100vw, 259px\" \/><\/a>Nedan finns kortfattad inneh\u00e5llsf\u00f6rteckning \u00f6ver de artiklar som varit publicerade i v\u00e5ra medlemsblad.<\/p>\n<p><strong>2018 \u00e5rg\u00e5ng 45<\/strong><\/p>\n<p>Nr 1<br \/>\nPredikanten Henrik Olssons orgel (Roland Andersson)<br \/>\nPresentation av Karin Hildingsson<br \/>\nSpo\u0308ket i Ramdala (Katarina Olsson)<br \/>\nFarfar var stenrik (Gunnar Torestro\u0308m)<br \/>\nSla\u0308kt + Hembygd = sant! (Sara Ro\u0308ne\u0301r Janicke)<br \/>\nKalabaliken i Lo\u0308vhagen (Roland Andersson)<br \/>\nNr 2<br \/>\nProgram<br \/>\nBilder fr\u00e5n Oscar M\u00e5nssons bildarkiv<\/p>\n<p>Nr 3<br \/>\nSkra\u0308ddaren i Torhamn (A\u030ake Sandahl)<br \/>\nEster Andersson &#8211; da\u030atidens festfixare (Elin Sjo\u0308stro\u0308m)<br \/>\nMord i Torhamn (Kjell Hult)<br \/>\nRamdala kyrka under 1000 a\u030ar (Sven-Bertil O\u0308stensson)<br \/>\nStor brand i va\u030art na\u0308romra\u030ade (Roland Andersson)<br \/>\nNr 4<br \/>\nJemj\u00f6 Skjutsstation 150 \u00e5r 1868-2018<\/p>\n<p><strong>2017 \u00e5rg\u00e5ng 44<\/strong><\/p>\n<p>Nr 1<br \/>\nVinberga baptistkapell (Sven-Erik Olsson)<br \/>\n\u00d6BH p\u00e5 Internet-Bygdeband och Facebook (Sara R\u00f6n\u00e9r Janicke)<br \/>\nFlytta till en annan socken p\u00e5 1800-talet (Kjell Hult)<br \/>\nNr2<br \/>\nProgram 2017<br \/>\nReportage J\u00e4rk\u00f6<\/p>\n<p>Nr 3<br \/>\nKrejsa Sven \u2013 tjuven fr\u00e5n Ramdala (Karin Hildingsson)<br \/>\nV\u00e5ld och mordf\u00f6rs\u00f6k p\u00e5 1800-talet (Kjell Hult)<br \/>\nGe kartorna liv! (Sara R\u00f6n\u00e9r Janicke)<br \/>\nNr 4<br \/>\nReportage Felix F\u00e5gelmara<\/p>\n<p><strong>2016 \u00e5rg\u00e5ng 43<\/strong><\/p>\n<p>Nr 1<br \/>\nSmeder i \u00f6stra Blekinge (Roland Andersson)<br \/>\n\u00c4llet (Lennart och Elisabeth Svensson)<br \/>\nUr arkivet m.m.<br \/>\nNr 2<br \/>\nProgram 2016<br \/>\nReportage Horsahallen (H\u00e4sthallen)<\/p>\n<p>Nr 3<br \/>\nFryshusen (Roland Andersson)<br \/>\nPer Augusts k\u00e4llare (Gustav Nilsson)<br \/>\nJ\u00e4ndelskolan ur Ingvar Gustavssons kamera<br \/>\nNr 4<br \/>\nNaturreservatet Steneryds l\u00f6v\u00e4ngar<\/p>\n<p><strong>2015\u00a0 \u00e5rg\u00e5ng 42<\/strong><\/p>\n<p>Nr 1<br \/>\nBilder ur arkivet<br \/>\nCykelns historia p\u00e5 det lokala planet (Roland Andersson)<br \/>\nSteneryd-by och naturreservat (Katarina Olsson)<br \/>\nKr\u00e5kerumskvarn (Erik Johansson)<br \/>\nNr 2<br \/>\nProgram 2015<br \/>\nReportage Torhamns kyrka<\/p>\n<p>Nr 3<br \/>\nValborgsfirandet fick st\u00e4llas in<br \/>\nSkinnknutten p\u00e5 1950-talet (Kjell Hult)<br \/>\nNr 4<br \/>\nReportage Hallarums och Stora Roms naturreservat<\/p>\n<p><strong>2014 \u00e5rg\u00e5ng 41<\/strong><\/p>\n<p>Nr 1<br \/>\nMinnet av en storm (Knut Andersson)<br \/>\nKnut Andersson 1933 \u2013 2013 (Eva M\u00e5rtensson Kangeman)<br \/>\nH\u00f6ga Sand (Katarina Olsson)<br \/>\nOnd br\u00e5d d\u00f6d i Helgarum, J\u00e4mj\u00f6 \u00e5r 1852 (Gustav Sj\u00f6holm)<br \/>\nNr 2<br \/>\nProgram v\u00e5ren 2014<br \/>\nReportage Flakulla Bautasten<\/p>\n<p>Nr 3<br \/>\nFylleriet i Torhamn p\u00e5 1800-talet (Kjell Hult)<br \/>\nKristianopels sockenhus blir f\u00f6rsamlingshem (Roland Andersson)<br \/>\nFestplatser i \u00f6stra Blekinge (Roland Andersson)<br \/>\nNr 4<br \/>\nReportage F\u00e4rskesj\u00f6n<\/p>\n<p><strong>2013 \u00e5rg\u00e5ng 40<\/strong><\/p>\n<p>Nr 1<br \/>\nVallby v\u00e4derkvarn och mj\u00f6lnarefamiljen Hansson, Ingvar Gustavsson<br \/>\nSpannm\u00e5lssk\u00f6rd, Sven-Bertil \u00d6stensson<br \/>\nBetygsfilosofi, Ulla Sj\u00f6berg<br \/>\nNr 2<br \/>\nReportage Tr\u00e4den i Skjutsstationens tr\u00e4dg\u00e5rd<\/p>\n<p>Nr 3<br \/>\nR\u00f6tter i hembygden, Erik Johansson<br \/>\nEtt brev fr\u00e5n Tornby, Ingvar Gustavsson<br \/>\nInventering av dansbanor i \u00f6stra Blekinge, Roland Andersson<br \/>\nNr 4<br \/>\nReportage J\u00e4mj\u00f6 kyrka<br \/>\nReportage v\u00e4stra Sk\u00e4llen\u00e4s runsten<\/p>\n<p><strong>2012 \u00e5rg\u00e5ng 39<\/strong><\/p>\n<p>Nr 1<br \/>\nMinnen fr\u00e5n Ramdala M\u00f6belverkstad, Sven-Erik Olsson<br \/>\nTorhamn p\u00e5 1800-talet, Kjell Hult<em>\u00a0<\/em><br \/>\nFester i \u00e4ldre tider \u2013 del 2, Roland Andersson<br \/>\nNr 2<br \/>\nReportage Sturk\u00f6 kyrka<\/p>\n<p>Nr 3<br \/>\nBarndomsminne \u2013 Julslakten, Kjell Hult<br \/>\nEn resa genom \u00f6stra Blekinge 1869<br \/>\nBr\u00f6msebro, Sven-Bertil \u00d6stensson<br \/>\nNr 4<br \/>\nReportage Tjurk\u00f6 kyrka<\/p>\n<p><strong>2011 \u00e5rg\u00e5ng 38<\/strong><\/p>\n<p>Nr1<br \/>\nMuntlig tradition, Sven-Bertil \u00d6stensson<br \/>\n\u00d6vre T\u00e5ngs skola 1880, Roland Andersson<br \/>\nEn 92-\u00e5ring ber\u00e4ttar, Maj-Rut Gustavsson<br \/>\nNr 2<br \/>\nReportage Ramdala kyrka<\/p>\n<p>Nr 3<br \/>\nSteneryd \u2013 ett historiskt landskap, Bj\u00f6rn E Berglund.<br \/>\nMinnen fr\u00e5n Ramdala Folkskola, Sven-Erik Olsson<br \/>\nFester i \u00e4ldre tider, Roland Andersson<br \/>\nNr 4<br \/>\nReportage Kristianopels kyrka<br \/>\nReportage Avask\u00e4rs kapell<\/p>\n<p><strong>2010 \u00c5rg\u00e5ng 37<\/strong><\/p>\n<p>Nr 1<br \/>\nUtklippans fyr,\u00a0Sten-Erik Lindstr\u00f6m<br \/>\nLanthandlarna i \u00f6stra Blekinge del 1,\u00a0Roland Andersson<br \/>\nH\u00f6gsommar p\u00e5 \u00c5dalsleden,\u00a0dikt av Karin Hartler<br \/>\n40-\u00e5rs jubileum \u2013 V\u00e5ra fasta programpunkter,\u00a0Erik Johansson<br \/>\nNr 2<br \/>\nProgram f\u00f6r 2010<br \/>\nReportage om Kolugnen<\/p>\n<p>Nr 3<br \/>\nLanthandlarna i \u00f6stra Blekinge del 2,\u00a0Roland Andersson<br \/>\n\u201dHilmer p\u00e5 verket\u201d \u2013 en originell personlighet,\u00a0Gustav Nilsson<br \/>\n40-\u00e5rs jubileum \u2013 N\u00e5gra bilder ur \u00d6BH arkiv<br \/>\nNr 4<br \/>\nStore Backe eller Snarket<br \/>\nTorhamns Udde<\/p>\n<p>&nbsp;<\/p>\n","protected":false},"excerpt":{"rendered":"<div class=\"mh-excerpt\"><p>Nedan finns kortfattad inneh\u00e5llsf\u00f6rteckning \u00f6ver de artiklar som varit publicerade i v\u00e5ra medlemsblad. 2018 \u00e5rg\u00e5ng 45 Nr 1 Predikanten Henrik Olssons orgel (Roland Andersson) Presentation av Karin Hildingsson Spo\u0308ket i Ramdala (Katarina Olsson) Farfar var stenrik (Gunnar Torestro\u0308m) Sla\u0308kt + <a class=\"mh-excerpt-more\" href=\"https:\/\/bevaraminnen.se\/obh\/medlemsbladet\/\" title=\"Medlemsbladet\">[&#8230;]<\/a><\/p>\n<\/div>","protected":false},"author":1,"featured_media":2172,"parent":0,"menu_order":0,"comment_status":"closed","ping_status":"closed","template":"","meta":{"footnotes":""},"class_list":["post-255","page","type-page","status-publish","has-post-thumbnail","hentry"],"_links":{"self":[{"href":"https:\/\/bevaraminnen.se\/obh\/wp-json\/wp\/v2\/pages\/255","targetHints":{"allow":["GET"]}}],"collection":[{"href":"https:\/\/bevaraminnen.se\/obh\/wp-json\/wp\/v2\/pages"}],"about":[{"href":"https:\/\/bevaraminnen.se\/obh\/wp-json\/wp\/v2\/types\/page"}],"author":[{"embeddable":true,"href":"https:\/\/bevaraminnen.se\/obh\/wp-json\/wp\/v2\/users\/1"}],"replies":[{"embeddable":true,"href":"https:\/\/bevaraminnen.se\/obh\/wp-json\/wp\/v2\/comments?post=255"}],"version-history":[{"count":9,"href":"https:\/\/bevaraminnen.se\/obh\/wp-json\/wp\/v2\/pages\/255\/revisions"}],"predecessor-version":[{"id":2805,"href":"https:\/\/bevaraminnen.se\/obh\/wp-json\/wp\/v2\/pages\/255\/revisions\/2805"}],"wp:featuredmedia":[{"embeddable":true,"href":"https:\/\/bevaraminnen.se\/obh\/wp-json\/wp\/v2\/media\/2172"}],"wp:attachment":[{"href":"https:\/\/bevaraminnen.se\/obh\/wp-json\/wp\/v2\/media?parent=255"}],"curies":[{"name":"wp","href":"https:\/\/api.w.org\/{rel}","templated":true}]}}

<p><a href="https://www.bevaraminnen.se/hembygdsforskning/ostra-blekinge-hembygdsforenings-medlemsblad/" target="_blank" rel="noopener"><img loading="lazy" decoding="async" class="alignright size-medium wp-image-2172" src="https://bevaraminnen.se/obh/wp-content/uploads/2022/09/Tidningar-001-259x300.jpg" alt="" width="259" height="300" srcset="https://bevaraminnen.se/obh/wp-content/uploads/2022/09/Tidningar-001-259x300.jpg 259w, https://bevaraminnen.se/obh/wp-content/uploads/2022/09/Tidningar-001.jpg 300w" sizes="auto, (max-width: 259px) 100vw, 259px" /></a>Nedan finns kortfattad innehållsförteckning över de artiklar som varit publicerade i våra medlemsblad.</p>
<p><strong>2018 årgång 45</strong></p>
<p>Nr 1<br />
Predikanten Henrik Olssons orgel (Roland Andersson)<br />
Presentation av Karin Hildingsson<br />
Spöket i Ramdala (Katarina Olsson)<br />
Farfar var stenrik (Gunnar Toreström)<br />
Släkt + Hembygd = sant! (Sara Rönér Janicke)<br />
Kalabaliken i Lövhagen (Roland Andersson)<br />
Nr 2<br />
Program<br />
Bilder från Oscar Månssons bildarkiv</p>
<p>Nr 3<br />
Skräddaren i Torhamn (Åke Sandahl)<br />
Ester Andersson &#8211; dåtidens festfixare (Elin Sjöström)<br />
Mord i Torhamn (Kjell Hult)<br />
Ramdala kyrka under 1000 år (Sven-Bertil Östensson)<br />
Stor brand i vårt närområde (Roland Andersson)<br />
Nr 4<br />
Jemjö Skjutsstation 150 år 1868-2018</p>
<p><strong>2017 årgång 44</strong></p>
<p>Nr 1<br />
Vinberga baptistkapell (Sven-Erik Olsson)<br />
ÖBH på Internet-Bygdeband och Facebook (Sara Rönér Janicke)<br />
Flytta till en annan socken på 1800-talet (Kjell Hult)<br />
Nr2<br />
Program 2017<br />
Reportage Järkö</p>
<p>Nr 3<br />
Krejsa Sven – tjuven från Ramdala (Karin Hildingsson)<br />
Våld och mordförsök på 1800-talet (Kjell Hult)<br />
Ge kartorna liv! (Sara Rönér Janicke)<br />
Nr 4<br />
Reportage Felix Fågelmara</p>
<p><strong>2016 årgång 43</strong></p>
<p>Nr 1<br />
Smeder i östra Blekinge (Roland Andersson)<br />
Ället (Lennart och Elisabeth Svensson)<br />
Ur arkivet m.m.<br />
Nr 2<br />
Program 2016<br />
Reportage Horsahallen (Hästhallen)</p>
<p>Nr 3<br />
Fryshusen (Roland Andersson)<br />
Per Augusts källare (Gustav Nilsson)<br />
Jändelskolan ur Ingvar Gustavssons kamera<br />
Nr 4<br />
Naturreservatet Steneryds lövängar</p>
<p><strong>2015  årgång 42</strong></p>
<p>Nr 1<br />
Bilder ur arkivet<br />
Cykelns historia på det lokala planet (Roland Andersson)<br />
Steneryd-by och naturreservat (Katarina Olsson)<br />
Kråkerumskvarn (Erik Johansson)<br />
Nr 2<br />
Program 2015<br />
Reportage Torhamns kyrka</p>
<p>Nr 3<br />
Valborgsfirandet fick ställas in<br />
Skinnknutten på 1950-talet (Kjell Hult)<br />
Nr 4<br />
Reportage Hallarums och Stora Roms naturreservat</p>
<p><strong>2014 årgång 41</strong></p>
<p>Nr 1<br />
Minnet av en storm (Knut Andersson)<br />
Knut Andersson 1933 – 2013 (Eva Mårtensson Kangeman)<br />
Höga Sand (Katarina Olsson)<br />
Ond bråd död i Helgarum, Jämjö år 1852 (Gustav Sjöholm)<br />
Nr 2<br />
Program våren 2014<br />
Reportage Flakulla Bautasten</p>
<p>Nr 3<br />
Fylleriet i Torhamn på 1800-talet (Kjell Hult)<br />
Kristianopels sockenhus blir församlingshem (Roland Andersson)<br />
Festplatser i östra Blekinge (Roland Andersson)<br />
Nr 4<br />
Reportage Färskesjön</p>
<p><strong>2013 årgång 40</strong></p>
<p>Nr 1<br />
Vallby väderkvarn och mjölnarefamiljen Hansson, Ingvar Gustavsson<br />
Spannmålsskörd, Sven-Bertil Östensson<br />
Betygsfilosofi, Ulla Sjöberg<br />
Nr 2<br />
Reportage Träden i Skjutsstationens trädgård</p>
<p>Nr 3<br />
Rötter i hembygden, Erik Johansson<br />
Ett brev från Tornby, Ingvar Gustavsson<br />
Inventering av dansbanor i östra Blekinge, Roland Andersson<br />
Nr 4<br />
Reportage Jämjö kyrka<br />
Reportage västra Skällenäs runsten</p>
<p><strong>2012 årgång 39</strong></p>
<p>Nr 1<br />
Minnen från Ramdala Möbelverkstad, Sven-Erik Olsson<br />
Torhamn på 1800-talet, Kjell Hult<em> </em><br />
Fester i äldre tider – del 2, Roland Andersson<br />
Nr 2<br />
Reportage Sturkö kyrka</p>
<p>Nr 3<br />
Barndomsminne – Julslakten, Kjell Hult<br />
En resa genom östra Blekinge 1869<br />
Brömsebro, Sven-Bertil Östensson<br />
Nr 4<br />
Reportage Tjurkö kyrka</p>
<p><strong>2011 årgång 38</strong></p>
<p>Nr1<br />
Muntlig tradition, Sven-Bertil Östensson<br />
Övre Tångs skola 1880, Roland Andersson<br />
En 92-åring berättar, Maj-Rut Gustavsson<br />
Nr 2<br />
Reportage Ramdala kyrka</p>
<p>Nr 3<br />
Steneryd – ett historiskt landskap, Björn E Berglund.<br />
Minnen från Ramdala Folkskola, Sven-Erik Olsson<br />
Fester i äldre tider, Roland Andersson<br />
Nr 4<br />
Reportage Kristianopels kyrka<br />
Reportage Avaskärs kapell</p>
<p><strong>2010 Årgång 37</strong></p>
<p>Nr 1<br />
Utklippans fyr, Sten-Erik Lindström<br />
Lanthandlarna i östra Blekinge del 1, Roland Andersson<br />
Högsommar på Ådalsleden, dikt av Karin Hartler<br />
40-års jubileum – Våra fasta programpunkter, Erik Johansson<br />
Nr 2<br />
Program för 2010<br />
Reportage om Kolugnen</p>
<p>Nr 3<br />
Lanthandlarna i östra Blekinge del 2, Roland Andersson<br />
”Hilmer på verket” – en originell personlighet, Gustav Nilsson<br />
40-års jubileum – Några bilder ur ÖBH arkiv<br />
Nr 4<br />
Store Backe eller Snarket<br />
Torhamns Udde</p>
<p>&nbsp;</p>

<div class="mh-excerpt"><p>Nedan finns kortfattad innehållsförteckning över de artiklar som varit publicerade i våra medlemsblad. 2018 årgång 45 Nr 1 Predikanten Henrik Olssons orgel (Roland Andersson) Presentation av Karin Hildingsson Spöket i Ramdala (Katarina Olsson) Farfar var stenrik (Gunnar Toreström) Släkt + <a class="mh-excerpt-more" href="https://bevaraminnen.se/obh/medlemsbladet/" title="Medlemsbladet">[&#8230;]</a></p>
</div>
